?
24
Let b(c) = c**3 + 10*c**2 + 38*c + 171. Determine b(-5).
106
Let d(q) = 722*q - 1438. Calculate d(2).
6
Let p(r) = 185*r - 19402. Calculate p(105).
23
Let k(j) = -6*j - 64. What is k(-11)?
2
Let z(b) = 18*b + 101. Determine z(-3).
47
Let c(d) = -2*d**3 - 355*d**2 + 3947*d - 185. Give c(-188).
3
Let y(k) = -173*k - 1142. Give y(-7).
69
Let v(n) = -124*n**3 + 265*n**2 - 34*n - 1. Determine v(2).
-1
Let s(w) = 6*w**2 - 6*w - 7. Determine s(-2).
29
Let q(r) = -14*r - 363. What is q(-26)?
1
Let h(p) = -2*p**3 + 42*p**2 - 16*p - 19. Calculate h(21).
-355
Let j(m) = 5*m**3 + 11*m**2 - 19*m - 28. Calculate j(-3).
-7
Let k(g) = -11*g**2 + 260*g + 54. What is k(24)?
-42
Let b(k) = -k**3 - 2*k**2 - 40*k + 196. Determine b(4).
-60
Let g(p) = 627*p + 6298. What is g(-10)?
28
Let u(f) = -4108*f + 3. Determine u(0).
3
Let k(l) = -210*l + 195. Calculate k(1).
-15
Let r(a) = -292*a + 6712. What is r(23)?
-4
Let l(u) = u**2 - 25*u - 37. Determine l(27).
17
Let q(l) = -113*l**2 - 342*l - 1. Give q(-1).
228
Let s(v) = 61*v**3 - 23*v - 24. What is s(-1)?
-62
Let s(p) = -2*p**2 + 29*p - 50. Determine s(9).
49
Let g(x) = -233*x + 5357. Determine g(23).
-2
Let r(x) = x**3 - 187*x**2 + 356*x + 2593. Determine r(185).
3
Let q(z) = z**2 + 32*z + 106. Give q(-27).
-29
Let l(a) = 11*a + 55. Give l(10).
165
Let f(z) = -2*z**3 - 12*z**2 - 12. Determine f(-5).
-62
Let k(a) = 2*a**3 - 13*a**2 - 3*a - 18. What is k(7)?
10
Let i(c) = -7*c**2 + 426*c - 283. Give i(60).
77
Let j(m) = -165*m - 2297. Calculate j(-14).
13
Let n(p) = -2*p**3 - 74*p**2 + 44*p + 1630. Determine n(-37).
2
Let r(k) = -28*k + 83. Determine r(11).
-225
Let i(x) = 62*x - 1420. Give i(23).
6
Let d(r) = 10*r - 391. What is d(37)?
-21
Let w(h) = 9*h + 316. Determine w(-40).
-44
Let m(b) = 126*b + 515. Determine m(-3).
137
Let d(k) = 36*k - 177. Determine d(5).
3
Let a(j) = -82*j**2 + 1395*j - 16. Calculate a(17).
1
Let s(h) = 2*h**2 + 158*h - 2603. Determine s(14).
1
Let w(y) = -y**2 + 24*y + 141. What is w(28)?
29
Let n(p) = 28*p**3 + p + 1. Calculate n(-1).
-28
Let d(o) = o**3 + 56*o**2 + 456*o - 182. Determine d(-46).
2
Let f(n) = -n**3 - 40*n**2 - 40*n - 41. Determine f(-39).
-2
Let m(f) = 4*f - 18. Determine m(5).
2
Let i(j) = -j**2 + 118*j + 121. Calculate i(-1).
2
Let k(a) = -2*a**3 + 20*a**2 + a + 230. What is k(11)?
-1
Let l(g) = 3*g**3 + 121*g**2 - 350*g - 230. Calculate l(-43).
28
Let p(g) = 5*g**2 - 82*g - 42. Determine p(17).
9
Let g(c) = -13*c + 146. Determine g(19).
-101
Let j(o) = -o**3 - 4*o**2 + 273*o + 1565. What is j(-6)?
-1
Let s(t) = 11*t + 20. What is s(7)?
97
Let o(s) = 1133*s - 10192. Give o(9).
5
Let q(j) = 2*j**2 - 233*j + 6079. Calculate q(77).
-4
Let w(z) = -5*z**2 - 77*z + 10. What is w(-14)?
108
Let w(r) = 401*r - 37695. What is w(94)?
-1
Let y(z) = -5*z**2 - 284*z + 978. Calculate y(-60).
18
Let q(s) = s + 24. Give q(-41).
-17
Let o(q) = -422*q + 6750. Determine o(16).
-2
Let k(a) = 5*a - 148. What is k(19)?
-53
Let y(u) = -4*u**3 - 15*u**2 - 43*u + 8. What is y(-3)?
110
Let w(h) = -146*h - 225. Determine w(-3).
213
Let p(t) = 1021*t - 85757. Give p(84).
7
Let y(g) = g**3 + 44*g**2 + 39*g + 76. Give y(-43).
248
Let o(g) = 2*g**3 + g**2 + 32*g + 33. What is o(-1)?
0
Let o(z) = 4*z + 13. What is o(0)?
13
Let r(t) = -t**3 - 2*t**2 + 30*t + 37. Determine r(7).
-194
Let s(k) = -349*k + 674. Calculate s(2).
-24
Let a(k) = k**2 + 25*k - 62. Give a(-27).
-8
Let i(n) = -16*n - 41. Determine i(-4).
23
Let g(x) = -2*x**2 - 13*x - 99. Determine g(9).
-378
Let r(f) = 38*f + 1162. What is r(-33)?
-92
Let v(o) = 3*o**2 - 232*o + 4475. Give v(37).
-2
Let b(f) = -f**3 + 22*f**2 - 2*f - 22. What is b(22)?
-66
Let c(d) = 2*d**2 - 5*d - 353. Give c(0).
-353
Let o(y) = 6*y**3 - 9*y + 5. Determine o(3).
140
Let g(d) = -2*d**3 - 24*d**2 - 24*d - 33. What is g(-11)?
-11
Let j(i) = 797*i + 5499. Calculate j(-7).
-80
Let p(a) = 17*a - 642. Calculate p(36).
-30
Let h(s) = s**3 + 2*s**2 - 11*s - 15. Calculate h(7).
349
Let c(x) = x**3 - 22*x**2 + 108*x - 1006. Give c(19).
-37
Let m(h) = -2*h**3 - 109*h**2 - 51*h + 80. Calculate m(-54).
-82
Let h(g) = 158*g - 937. What is h(6)?
11
Let c(n) = 675*n + 26332. Determine c(-39).
7
Let b(l) = -l**3 + 11*l**2 + 44*l - 4. Determine b(15).
-244
Let o(y) = -8*y**2 + 63*y - 55. Calculate o(8).
-63
Let u(s) = -s**3 + 9*s**2 + 9*s - 95. Determine u(9).
-14
Let d(t) = -2*t**3 - 3*t**2 + 11*t - 19. What is d(-4)?
17
Let t(r) = -83*r + 619. What is t(12)?
-377
Let u(v) = v**2 - 40*v + 247. What is u(33)?
16
Let z(s) = -s**3 - 81*s**2 + 620*s - 30. Determine z(7).
-2
Let j(c) = -18*c + 63. Calculate j(8).
-81
Let j(w) = 5*w**2 - 134*w + 1166. Calculate j(9).
365
Let g(n) = 13*n**2 - 89*n + 118. Give g(5).
-2
Let s(w) = w**3 + 39*w**2 + 31*w - 205. Determine s(-38).
61
Let z(f) = f**3 + f**2 - 40*f - 16. Calculate z(-5).
84
Let i(f) = -123*f + 2044. Give i(16).
76
Let k(w) = 1347*w + 14803. Give k(-11).
-14
Let m(i) = -33*i + 1872. What is m(56)?
24
Let t(s) = 9*s**2 - 134*s - 270. What is t(-2)?
34
Let y(o) = -3284*o + 23018. Calculate y(7).
30
Let s(r) = -38*r - 836. What is s(-26)?
152
Let y(i) = -i**3 - 46*i**2 + 70*i + 1081. Determine y(-47).
0
Let z(j) = -2*j**2 - 262*j - 3077. Give z(-118).
-9
Let y(n) = -54*n + 383. Determine y(7).
5
Let u(x) = 973*x - 7786. Determine u(8).
-2
Let o(p) = 2*p**2 - 27*p - 144. What is o(17)?
-25
Let x(y) = -2*y**2 + 23*y - 115. Determine x(12).
-127
Let j(b) = -38*b + 89. What is j(22)?
-747
Let o(i) = -i**3 + 11*i**2 - 14*i + 18. Give o(10).
-22
Let w(b) = b**3 - 2*b**2 - 12*b - 20. Give w(-3).
-29
Let t(u) = -u**3 + 32*u**2 - 85*u - 2. Determine t(3).
4
Let h(k) = 92*k + 10391. Give h(-113).
-5
Let u(l) = l**3 - 46*l**2 + 56*l - 75. Determine u(45).
420
Let b(r) = 145*r + 4349. Calculate b(-30).
-1
Let t(o) = -494*o + 1988. What is t(4)?
12
Let a(p) = 94*p + 391. What is a(-4)?
15
Let a(q) = -87*q**3 + 2*q**2 + 3*q - 11. What is a(2)?
-693
Let y(i) = -24*i - 261. Calculate y(-10).
-21
Let n(y) = 14*y + 631. Calculate n(-48).
-41
Let v(l) = 54*l**2 - 7*l + 15. Give v(2).
217
Let j(n) = n**3 + 90*n**2 + 424*n - 64. Calculate j(-85).
21
Let c(n) = -n**2 - 230*n + 1100. What is c(5)?
-75
Let l(y) = 12*y**2 + 659*y - 42. Give l(-55).
13
Let p(y) = -10*y**3 + 9*y**2 + 26*y + 4. Determine p(-2).
68
Let f(h) = -38*h - 26. Calculate f(-4).
126
Let v(y) = 147*y - 6023. Give v(41).
4
Let f(h) = -2*h**3 - 105*h**2 - 48*h - 106. Calculate f(-52).
-314
Let z(c) = -3*c**2 - 41*c - 55. Calculate z(-14).
-69
Let b(s) = 5*s**2 + 76*s - 353. Give b(4).
31
Let u(f) = f**2 + 63*f + 986. Determine u(-42).
104
Let t(m) = m**3 - 12*m**2 + 73*m - 474. What is t(9)?
-60
Let k(c) = -c**3 - 70*c**2 - 154*c - 1230. Calculate k(-68).
-6
Let v(u) = 185*u - 548. Determine v(3).
7
Let k(u) = -3*u**3 + 10*u**2 + 18*u - 13. Give k(-5).
522
Let u(o) = -o**3 - 9*o**2 + 8*o + 24. Determine u(-6).
-132
Let a(g) = -524*g - 2094. Determine a(-4).
2
Let h(k) = -k**2 + 23*k + 95. Determine h(19).
171
Let i(m) = 2*m**3 + 49*m**2 - 126*m + 209. What is i(-27)?
-34
Let v(c) = -c**3 - 8*c**2 - 10*c - 11. Calculate v(-4).
-35
Let k(x) = x**2 - 33*x + 66. Give k(3).
-24
Let c(v) = -6*v**3 + 42*v**2 - 6*v + 46. Determine c(7).
4
Let i(d) = 163*d + 5363. Calculate i(-33).
-16
Let v(j) = -67*j - 1090. Determine v(-18).
116
Let w(n) = -n**3 - 47*n**2 - 503*n + 39. Calculate w(-30).
-171
Let h(b) = 2190*b - 4384. What is h(2)?
-4
Let q(r) = 12*r**2 - 516*r - 76. Calculate q(43).
-76
Let x(n) = -35*n + 4084. Give x(116).
24
Let x(y) = -y**3 - 8*y**2 + 7*y + 12. Determine x(4).
-152
Let p(j) = j**2 - 289*j + 2058. What is p(7)?
84
Let h(j) = 30*j - 291. Give h(16).
189
Let d(w) = -w**3 - 38*w**2 + 162*w + 4. Determine d(4).
-20
Let j(w) = 538*w - 7563. Give j(14).
-31
Let g(r) = r**3 + 4*r**2 - 82*r + 36. Calculate g(7).
1
Let w(j) = j**2 - 27*j - 22. What is w(13)?
-204
Let u(y) = y**2 + 26*y - 1300. Give u(25).
-25
Let c(t) = t**3 - 19*t**2 - 18*t + 344. What is c(19)?
2
Let v(k) = -3*k**2 + 17*k - 28. Calculate v(11).
-204
Let w(t) = -227*t - 4564. Determine w(-20).
-24
Let k(l) = -15*l + 286. Give k(13).
91
Let c(y) = 7*y**3 + 43*y**2 - 24. Determine c(-7).
-318
Let y(j) = -5*j**3 - 3*j**2 + 17*j + 36. Determine y(-2).
30
Let u(r) = 2*r**2 - 167*r + 396. Calculate u(81).
-9
